he remainder when 333 is divided by 48?
45
Calculate the remainder when 752 is divided by 54.
50
Calculate the remainder when 263 is divided by 84.
11
Calculate the remainder when 262 is divided by 69.
55
Calculate the remainder when 147 is divided by 31.
23
Calculate the remainder when 9347 is divided by 76.
75
Calculate the remainder when 456 is divided by 17.
14
What is the remainder when 907 is divided by 184?
171
Calculate the remainder when 135 is divided by 18.
9
What is the remainder when 492 is divided by 242?
8
Calculate the remainder when 2783 is divided by 24.
23
What is the remainder when 288 is divided by 122?
44
Calculate the remainder when 68 is divided by 36.
32
Calculate the remainder when 338 is divided by 8.
2
What is the remainder when 130 is divided by 19?
16
Calculate the remainder when 615 is divided by 314.
301
Calculate the remainder when 148 is divided by 17.
12
What is the remainder when 611 is divided by 160?
131
Calculate the remainder when 669 is divided by 113.
104
Calculate the remainder when 3320 is divided by 299.
31
What is the remainder when 185 is divided by 52?
29
Calculate the remainder when 399 is divided by 58.
51
Calculate the remainder when 510 is divided by 14.
6
Calculate the remainder when 2208 is divided by 130.
128
What is the remainder when 411 is divided by 15?
6
What is the remainder when 576 is divided by 204?
168
What is the remainder when 69 is divided by 12?
9
Calculate the remainder when 841 is divided by 79.
51
What is the remainder when 380 is divided by 116?
32
Calculate the remainder when 811 is divided by 155.
36
What is the remainder when 61 is divided by 24?
13
Calculate the remainder when 5667 is divided by 109.
108
What is the remainder when 937 is divided by 23?
17
What is the remainder when 38 is divided by 12?
2
Calculate the remainder when 221 is divided by 47.
33
Calculate the remainder when 399 is divided by 16.
15
Calculate the remainder when 5782 is divided by 8.
6
What is the remainder when 408 is divided by 53?
37
What is the remainder when 482 is divided by 71?
56
Calculate the remainder when 14 is divided by 5.
4
What is the remainder when 304 is divided by 9?
7
Calculate the remainder when 597 is divided by 120.
117
What is the remainder when 456 is divided by 21?
15
What is the remainder when 68 is divided by 10?
8
Calculate the remainder when 481 is divided by 24.
1
What is the remainder when 1048 is divided by 17?
11
Calculate the remainder when 287 is divided by 9.
8
What is the remainder when 2110 is divided by 46?
40
Calculate the remainder when 222 is divided by 57.
51
What is the remainder when 734 is divided by 304?
126
Calculate the remainder when 871 is divided by 27.
7
What is the remainder when 3023 is divided by 108?
107
What is the remainder when 7458 is divided by 20?
18
What is the remainder when 76 is divided by 19?
0
Calculate the remainder when 1032 is divided by 250.
32
Calculate the remainder when 54 is divided by 14.
12
Calculate the remainder when 645 is divided by 64.
5
What is the remainder when 175 is divided by 54?
13
What is the remainder when 1757 is divided by 147?
140
What is the remainder when 253 is divided by 10?
3
What is the remainder when 232 is divided by 39?
37
What is the remainder when 16374 is divided by 131?
130
What is the remainder when 270 is divided by 25?
20
Calculate the remainder when 24 is divided by 8.
0
What is the remainder when 2494 is divided by 109?
96
Calculate the remainder when 25 is divided by 7.
4
What is the remainder when 2079 is divided by 30?
9
What is the remainder when 792 is divided by 102?
78
What is the remainder when 589 is divided by 72?
13
Calculate the remainder when 319 is divided by 41.
32
What is the remainder when 2079 is divided by 21?
0
What is the remainder when 589 is divided by 150?
139
What is the remainder when 492 is divided by 41?
0
What is the remainder when 465 is divided by 150?
15
What is the remainder when 153 is divided by 33?
21
Calculate the remainder when 14615 is divided by 18.
17
What is the remainder when 120 is divided by 11?
10
Calculate the remainder when 75 is divided by 26.
23
Calculate the remainder when 292 is divided by 21.
19
Calculate the remainder when 149 is divided by 34.
13
Calculate the remainder when 623 is divided by 39.
38
Calculate the remainder when 1465 is divided by 145.
15
Calculate the remainder when 176 is divided by 82.
12
What is the remainder when 2419 is divided by 5?
4
What is the remainder when 12 is divided by 8?
4
What is the remainder when 188 is divided by 107?
81
Calculate the remainder when 11528 is divided by 186.
182
What is the remainder when 1005 is divided by 41?
21
What is the remainder when 424 is divided by 67?
22
What is the remainder when 270 is divided by 143?
127
Calculate the remainder when 242 is divided by 111.
20
What is the remainder when 28 is divided by 18?
10
Calculate the remainder when 279 is divided by 142.
137
What is the remainder when 965 is divided by 89?
75
Calculate the remainder when 14 is divided by 13.
1
What is the remainder when 88 is divided by 8?
0
Calculate the remainder when 262 is divided by 11.
9
What is the remainder when 498 is divided by 159?
21
Calculate the remainder when 171 is divided by 90.
81
What is the remainder when 429 is divided by 53?
5
What is the remainder when 2677 is divided by 65?
12
What is the remainder when 20 is divided by 16?
4
Calculate the remainder when 609 is divided by 208.
193
What is the remainder when 630 is divided by 33?
3
Calculate the remainder when 5600 is divided by 224.
0
What is the remainder when 499 is divided by 24?
19
Calculate the remainder when 1801 is divided by 14.
9
Calculate the remainder when 517 is divided by 87.
82
Calculate the remainder when 120 is divided by 30.
0
What is the remainder when 175 is divided by 8?
7
What is the remainder when 12952 is divided by 102?
100
What is the remainder when 95 is divided by 30?
5
Calculate the remainder when 49 is divided by 33.
16
Calculate the remainder when 95 is divided by 8.
7
Calculate the remainder when 68908 is divided by 30.
28
Calculate the remainder when 292 is divided by 8.
4
Calculate the remainder when 524 is divided by 87.
2
Calculate the remainder when 344 is divided by 177.
167
Calculate the remainder when 449 is divided by 113.
110
Calculate the remainder when 3656 is divided by 909.
20
What is the remainder when 504 is divided by 288?
216
Calculate the remainder when 1208 is divided by 10.
8
What is the remainder when 789 is divided by 38?
29
What is the remainder when 76 is divided by 25?
1
Calculate the remainder when 346 is divided by 67.
11
Calculate the remainder when 872 is divided by 8.
0
Calculate the remainder when 122 is divided by 88.
34
What is the remainder when 269 is divided by 15?
14
What is the remainder when 4426 is divided by 884?
6
What is the remainder when 101 is divided by 93?
8
What is the remainder when 63 is divided by 9?
0
Calculate the remainder when 1001 is divided by 33.
11
Calculate the remainder when 3396 is divided by 2.
0
What is the remainder when 1036 is divided by 40?
36
What is the remainder when 23 is divided by 13?
10
What is the remainder when 4066 is divided by 13?
10
What is the remainder when 2414 is divided by 87?
65
What is the remainder when 193 is divided by 24?
1
What is the remainder when 193 is divided by 92?
9
Calculate the remainder when 217 is divided by 39.
22
What is the remainder when 122 is divided by 13?
5
What is the remainder when 148 is divided by 9?
4
Calculate the remainder when 156 is divided by 9.
3
What is the remainder when 467 is divided by 44?
27
What is the remainder when 6418 is divided by 15?
13
Calculate the remainder when 4360 is divided by 45.
40
Calculate the remainder when 5038 is divided by 21.
19
Calculate the remainder when 630 is divided by 101.
24
Calculate the remainder when 809 is divided by 14.
11
Calculate the remainder when 42 is divided by 16.
10
Calculate the remainder when 2755 is divided by 26.
25
Calculate the remainder when 84 is divided by 35.
14
Calculate the remainder when 28 is divided by 23.
5
What is the remainder when 58 is divided by 27?
4
What is the remainder when 3183 is 